 of -d + 1 + 1/2*d**2. Let o be (-2)/(15 - 1001/65). Calculate j(o).
4
Let b(o) = o**2 + 17*o - 3. Let h be b(-17). Let i(w) = -w**3 - 2*w**2 + 2*w + 4. Calculate i(h).
7
Suppose l + 14 - 16 = 0. Let k(o) = 3*o**l - 2*o**3 + 0*o**3 - 2 - 2*o**3. Determine k(2).
-22
Let z(f) be the third derivative of -f**6/120 + f**5/10 - f**4/6 + 10*f**3/3 + 172*f**2 + 1. Determine z(6).
-4
Suppose 5*w = 3*w - 6. Let z(a) be the second derivative of -a**5/20 - a**4/3 - 5*a**3/6 - 2*a**2 + 8*a. Determine z(w).
2
Suppose -10*p = -9*p - 4. Suppose -o + p = 2*t, 3*o - 6 = 5*t + 6. Let s(i) = -i**3 + i - 10. Determine s(t).
-10
Let p(z) = -z**3 + 12*z**2 + z - 10. Let c be p(12). Let n(u) = c*u**2 - 2 + 5*u + 2*u - 4*u. Give n(-4).
18
Let u(x) be the third derivative of -x**6/60 + x**5/12 - x**4/6 - x**3/6 - 18*x**2 + 6*x. Give u(3).
-22
Suppose 25 = -5*c, -16*v - 4*c - 18 = -14*v. Let r(s) be the second derivative of s**4/12 + s**3/6 - s**2/2 + s. Calculate r(v).
1
Let m(q) = 0 - 26*q - 5 + 14*q + 17*q + 0. Calculate m(-4).
-25
Suppose -9 = 5*p - 4. Let r be (1 - (-1 - -1)) + p. Let f(g) = r*g - g - 4 + 7. Calculate f(0).
3
Let r be ((-2 - -14) + -14)*-2. Let t(a) be the first derivative of 2 + 1/4*a**4 - 4/3*a**3 - a**2 + 4*a. Determine t(r).
-4
Let u(x) be the third derivative of x**5/60 - x**4/6 - x**3/2 + x**2. Let w(j) = -134*j + 273. Let m be w(2). Calculate u(m).
2
Let m(j) be the third derivative of j**8/6720 + j**7/840 - j**6/180 - j**5/30 + 17*j**4/24 + 33*j**2. Let x(u) be the second derivative of m(u). What is x(-3)?
8
Suppose 0 = 3*b - 2 - 7. Let v(m) = 140*m**2 + m**3 - 275*m**2 + 132*m**2. Calculate v(b).
0
Let b(v) = -5*v**2 + v + 1. Let h(w) = -18*w**2 + 3*w + 11. Let c(s) = -5*b(s) + h(s). Calculate c(2).
30
Let w(o) = -12*o**3 + 1 + 3*o**3 + 2*o**2 - 2*o + 0*o. Suppose 8*q - 15*q + 49 = 0. Let u(f) = -2*f**3 + 16*f**2 - 13*f - 6. Let r be u(q). Calculate w(r).
-8
Suppose 5 = 5*z - 15. Let i(c) = 5*c - z*c + 2*c + 3. Suppose 2*w + 14 = -b - w, -w - 10 = 3*b. What is i(b)?
-3
Suppose 2*b - 1 = -j - 2*j, -4*b - j + 27 = 0. Let q(x) = x**2 - 11*x - 7. What is q(b)?
-31
Let u(v) = -v**3 - v**2 + 3*v - 3. Let y be 280/32 + (-1)/(-4). Suppose 4*w + 3 + y = 0. Let l be 1/(-1)*w/(-1). What is u(l)?
6
Let h = 2070 - 2069. Let g(d) = 2*d. Determine g(h).
2
Suppose 3*k = 5*w - 12, k = -8*w + 4*w + 13. Let i(u) = -u**3 - u**2 + 4*u - 3. What is i(k)?
-1
Let k(h) be the third derivative of -h**6/120 - h**5/12 - 5*h**4/24 - 2*h**3/3 + 14*h**2. Suppose 0 = 4*t - 3*i + 25, 5*t = 3*t + 2*i - 14. Determine k(t).
0
Suppose -268*l = -271*l + 90. Let i(w) = -w**2 + 27*w + 93. Calculate i(l).
3
Let u(v) = -v**3 + 3*v + 2*v**2 - v - 5*v**2 - 4. Let t = -1803 + 1799. Give u(t).
4
Let j be ((-3)/(-2))/(2/4). Let s(k) = -4*k**2 + 7*k - 10. Let f(l) = -l**2 + l - 1. Let y(p) = -6*f(p) + s(p). Determine y(j).
17
Let v(w) be the third derivative of -w**6/120 - w**5/15 + w**4/24 + 5*w**3/6 - 96*w**2. Let c be ((-6)/(-4) + -2)*2. Let s be 1*(c + 0)*4. Determine v(s).
1
Let o(c) be the second derivative of c**4/12 + 11*c**3/6 - 4*c**2 + 3*c + 16. Calculate o(-11).
-8
Let l(f) be the second derivative of f**4/12 + f**3/6 + 13*f**2/2 + 97*f. Give l(0).
13
Let y be 1/5 + 174/30. Suppose -5*j - 20 = 0, l = 3*l + 2*j + y. Let g(h) = 5*h**3 + h**2 - h. Determine g(l).
5
Let d(a) = 3*a - 1. Suppose -s + 6*s - 15 = 0. Let n be s/((-2)/(-2)) + -1. Suppose -n*v - 8 = 2*v. What is d(v)?
-7
Let t = -11 - -19. Suppose -4*a - t - 4 = -4*c, -5*a + 30 = 4*c. Let o(q) = -9 + 0 + 0 - a - q. Give o(-5).
-6
Let y be 2/3 - (-69)/(-9). Let k = -2 - y. Let d(f) = -4*f + 1 + k*f - 2. Calculate d(-4).
-5
Let g = 51 + -47. Let d(n) be the third derivative of -n**5/60 + 5*n**4/24 - n**3/2 - 5*n**2. Give d(g).
1
Let q(y) = -y**2 + 16*y - 13. Let u be q(15). Suppose u = -3*p - 1. Let o(f) = 7*f. Determine o(p).
-7
Suppose q - 4*q + 19 = i, 2*q - i - 6 = 0. Let z(h) = 22*h - h**2 + 2 - 47*h + 28*h. What is z(q)?
-8
Suppose 0 = -3*z - 3*b - 3, -3*b = 2*b + 15. Suppose -z*i = i. Let w be i*(-3)/6*-1. Let f(s) = s**2 - s - 2. What is f(w)?
-2
Let k(j) = 37*j**2 - j + 1. Suppose -z = 0, 61*x - 57*x = 3*z + 4. Give k(x).
37
Let i = -40 + 41. Let b(j) = i - 2*j**3 - 1 + 3*j**2 - 2 + 1. Determine b(2).
-5
Let b(s) = -8*s. Let m be (27/2 + -2)*-2. Let w = 35 + m. Suppose 3*d = 4*z + 19, 7*d + 4*z = 3*d - w. What is b(d)?
-8
Let r(g) = -7*g**2 + 2*g + 1. Let t(y) = y**3 - 22*y**2 + 22*y - 20. Let b be t(21). Let q be b*(4 - 3 - 2). What is r(q)?
-8
Suppose -4*u - l = 22, 40 = -5*u + 4*l + l. Let q(t) = -t**2 - 4*t. Let j(g) = -g. Let h(p) = 3*j(p) + q(p). Determine h(u).
6
Suppose 40*u - 210 - 30 = 0. Let s(t) = t**3 - 6*t**2 - 3. Calculate s(u).
-3
Let a(n) = -11*n**2 - 2*n + 1. Let m(x) = -2*x**2 - 126*x - 359. Let q be m(-60). Determine a(q).
-12
Let l(r) = 62*r + 2*r**2 + 57*r - 119*r. Let a(u) = 9*u**2 + 4*u - 2. Let o(w) = a(w) - 5*l(w). Let d be (2 + 1)*8/6. What is o(d)?
-2
Let j(b) = b**2 + b. Let a(r) = 4*r - 1. Suppose 8*d = -3*l + 3*d + 8, 4*l - 2*d - 2 = 0. Let q(h) = l*a(h) - 3*j(h). What is q(2)?
-11
Let s(h) be the first derivative of h**3/2 - h**2/2 - 5*h - 6. Let u(t) be the first derivative of s(t). Let j(c) = c**2 - 2*c - 7. Let b be j(4). What is u(b)?
2
Let f(a) = -a**2 - 4*a + 6. Let r be (-1)/(-5) - 78/15. Let d be f(r). Let w be (0 + -9)/3*d. Let l(m) = m**2 + 1. Determine l(w).
10
Let s(b) = -b**2 - 1. Let z be 34 + -35 + -2 + 5. Give s(z).
-5
Let v be (-6)/(-14) - 741/(-133). Let q(h) = h**3 - 7*h**2 + 7*h + 2. Calculate q(v).
8
Let i(d) = -d - 4. Let h(n) = -4*n - 19. Let k(z) = -6*h(z) + 26*i(z). Calculate k(6).
-2
Let c(z) = 9*z**2 - 11*z + 18. Let x(s) = 11*s**2 - 11*s + 16. Let i(m) = 5*c(m) - 4*x(m). Determine i(5).
-4
Let w(y) = 2 + y - y - 3*y**2 - 5*y - 5. Let p = 0 - 3. Determine w(p).
-15
Let f = 53 + -53. Suppose f = -4*j - 16, 0 = -3*o - j - 0*j - 1. Let i(h) = -h**2 - h. Determine i(o).
-2
Suppose 0 = -o - 3*o. Let y(w) = 37*w + 70. Let i(h) = -13*h - 23. Let u(l) = -7*i(l) - 2*y(l). Let c(m) = -3*m - 1. Let r(s) = -6*c(s) - u(s). Calculate r(o).
-15
Suppose -25 = -7*a + 17. Let p(c) = 2 - 3 - a*c + 28*c + 0. Determine p(1).
21
Let d(b) = -2*b**2 - 3*b - 1. Let n = -69 - -42. Let f = 25 + n. Determine d(f).
-3
Let q(b) be the first derivative of 0*b + 5/2*b**2 - 1/120*b**6 + 11 + 0*b**4 - 1/3*b**3 + 0*b**5. Let t(w) be the second derivative of q(w). What is t(-2)?
6
Let d(q) = -2*q**3 - 19*q**2 - 8*q + 20. Let i be d(-9). Let v(w) = -w**3 + 11*w**2 + 10. Determine v(i).
10
Let v(a) = -10*a**3 - 14*a**2 - 7*a - 6. Let i(f) = -10*f**3 - 12*f**2 - 6*f - 5. Let x(k) = 7*i(k) - 6*v(k). Determine x(1).
-9
Let q(b) = -b**3 + 3*b**2 - 4*b - 2. Let y be q(2). Let r(m) = m**2 - 1. Let t(j) = -2*j**2 + 2. Let f(g) = y*t(g) - 13*r(g). What is f(-1)?
0
Let f(o) = o**3 + 5*o**2 + 4*o + 1. Let s(z) = z**2 + 2*z - 5. Let y be s(-3). Let u = y + -3. Determine f(u).
-19
Let b(d) = -d + 7. Let k(q) = -q - 18. Let x be k(-22). Suppose x = l - 2. What is b(l)?
1
Suppose 4*l = 3*x + 10, 3*x - 4*x - 5*l - 35 = 0. Let q(s) = -s - 4. Determine q(x).
6
Let t(a) = -5*a**3 + 6*a**2 - 3*a + 2. Let m(z) = -6*z**3 + 8*z**2 - 5*z + 3. Let x(g) = -4*m(g) + 5*t(g). What is x(-4)?
10
Suppose -3*m + 8*m = 85. Let d(s) = 20*s**2 + 3*s - 3. Let p(b) = -7*b**2 - b + 1. Let k(t) = m*p(t) + 6*d(t). Suppose -4*u - 8 = -0*u. Determine k(u).
1
Let q(h) = 11*h + 11. Let o(y) = -9*y - 13. Let v(t) = 6*o(t) + 5*q(t). Give v(0).
-23
Let f(l) be the first derivative of -4*l + 1/3*l**3 + 6 - 1/2*l**2. Let r = -1 - -1. Give f(r).
-4
Let a(k) = -9*k - 20*k**3 - 7 + 6*k**3 + 17*k**2 - 1 + k. Let p(x) = 5*x**3 - 6*x**2 + 3*x + 3. Let i(j) = 4*a(j) + 11*p(j). Give i(2).
3
Let a(h) = -5*h**3 + 13*h**2 + 12*h + 12. Let x(t) = -3*t**3 + 9*t**2 + 8*t + 8. Let q(s) = -5*a(s) + 8*x(s). Determine q(-6).
16
Let s = 5 + 11. Let l(x) = -22*x**2 + 52*x**2 - 15*x**2 - s*x**2. Determine l(2).
-4
Let b(t) = t**3 - 12*t**2 + 10*t - 10. Suppose -88*u + 66 = -82*u. What is b(u)?
-21
Suppose 19*b + 98 = 22. Let m(q) = -4*q - 4. Let r(d) = -d**2 + 3*d + 5. Let u(n) = -3*m(n) - 2*r(n). What is u(b)?
10
Suppose -t = -2*x - 4*t - 5, -3 = 3*x + 3*t. Let m = -3 + x. Let l(f) = -1 + 3*f + 0*f - 11*f + 9*f. Calculate l(m).
-2
Let n be 9/(-6)*12/(-9)